. What is q(3)?
15
Let t(a) = 240*a + 88915. Determine t(-371).
-125
Let u(t) = t**2 - 1464*t + 283799. Calculate u(230).
-21
Let b(j) = j**3 - 23*j**2 - 1372*j + 32044. What is b(23)?
488
Let g(j) = -345*j + 6607. Determine g(24).
-1673
Let c(g) = -109*g + 20705. Calculate c(191).
-114
Let x(l) = l**3 - 267*l**2 + 9454*l - 906. What is x(225)?
-6
Let a(g) = -3*g**3 - 76*g**2 + 6210*g + 160081. Calculate a(-26).
-27
Let u(g) = 14833*g + 489486. Give u(-33).
-3
Let u(t) = -28063*t + 336756. Calculate u(12).
0
Let t(o) = -o**3 + 185*o**2 - 1415*o + 52. Determine t(177).
229
Let y(a) = -6432*a + 6247. Determine y(1).
-185
Let s(o) = o**3 + 11*o**2 - 2833*o + 64. Give s(48).
16
Let g(x) = -x**2 - 27*x + 431. Determine g(11).
13
Let l(d) = 3353*d - 378752. Calculate l(113).
137
Let k(u) = -126*u + 38504. Calculate k(309).
-430
Let v(y) = -y**3 - 56*y**2 - 190*y - 6. Determine v(-53).
1637
Let q(m) = m**3 - 50*m**2 + 180*m - 1793. Calculate q(47).
40
Let z(n) = -n**2 - 579*n - 21435. Determine z(-43).
1613
Let x(p) = -572*p + 8631. Calculate x(13).
1195
Let n(t) = 171*t + 875. Give n(-7).
-322
Let v(w) = 9*w**3 + 20*w**2 + 112*w - 20. Calculate v(-4).
-724
Let q(l) = 38*l**3 + 191*l**2 + 15*l - 16. Give q(-5).
-66
Let p(y) = -119042*y - 2380843. Give p(-20).
-3
Let y(g) = -6*g**2 - 250*g + 2855. Give y(-51).
-1
Let v(j) = j**3 - 137*j**2 - 321*j + 941. Determine v(139).
-5036
Let m(u) = -u**2 + 2148*u - 48900. What is m(23)?
-25
Let r(l) = -10*l**3 - 328*l**2 + 65*l + 651. What is r(-33)?
684
Let j(u) = 130*u**2 - 66*u - 415. Calculate j(-4).
1929
Let l(y) = 354305*y + 1062906. Determine l(-3).
-9
Let q(z) = -z**3 - 237*z**2 + 1673*z - 3626. What is q(-244)?
4914
Let h(w) = w**3 + 3*w**2 - 462*w - 3034. Determine h(-7).
4
Let d(y) = -9*y**3 + 264*y**2 + 105*y + 2208. What is d(30)?
-42
Let p(a) = 5*a**2 - 517*a + 8564. What is p(21)?
-88
Let b(z) = -195*z + 3353. Calculate b(19).
-352
Let t(o) = o**3 - 9*o**2 - 566*o + 3549. Give t(6).
45
Let b(f) = f**3 - 29*f**2 + 98*f + 269. Give b(26).
789
Let h(m) = 1064*m - 15027. Give h(16).
1997
Let b(k) = k**3 + 566*k**2 - 9*k + 255. Determine b(0).
255
Let d(p) = 19267*p + 154149. Give d(-8).
13
Let i(g) = -3*g**2 + 12134*g - 21. Determine i(0).
-21
Let t(c) = -2*c**2 + 238*c - 5203. Give t(35).
677
Let a(f) = 9053*f - 63439. Give a(7).
-68
Let r(b) = -b**3 - 689*b + 2809. Determine r(4).
-11
Let v(y) = y**3 - 1601*y**2 + 7977*y - 24. Give v(5).
-39
Let y(i) = i**3 + 176*i**2 - 765*i + 26119. Calculate y(-181).
779
Let w(j) = 9*j**2 + 5*j - 7018. Calculate w(28).
178
Let y(r) = r**2 - 9306*r - 931098. What is y(-99)?
-3
Let q(p) = 2*p**2 + 90*p - 10997. What is q(55)?
3
Let w(t) = 3*t**3 + 91*t**2 + 681*t - 36. What is w(-17)?
-53
Let b(y) = -154*y**2 + 2042*y - 520. Give b(13).
0
Let w(v) = -8*v**2 + 217*v - 1358. What is w(16)?
66
Let t(w) = 29171*w - 1246. Determine t(0).
-1246
Let i(x) = -127*x**2 - 3116*x - 10487. What is i(-4)?
-55
Let d(f) = -1486*f**3 - 2*f**2 - 5*f + 2. What is d(1)?
-1491
Let m(i) = 258*i + 4633. Calculate m(-18).
-11
Let u(w) = 34*w**3 + 726*w**2 + 270*w + 365. Calculate u(-21).
-13
Let v(t) = -t**3 - 10*t**2 - 1002*t - 6866. Calculate v(-7).
1
Let w(v) = 122*v**2 + 171*v. Calculate w(-2).
146
Let f(s) = s**2 + 140847*s + 704207. Determine f(-5).
-3
Let c(v) = 5433*v - 38005. What is c(7)?
26
Let l(q) = -1668*q**3 - 54*q**2 - 53*q - 1. Determine l(-1).
1666
Let r(a) = a**3 - 16*a**2 + 58*a + 113. Give r(8).
65
Let h(i) = 7148*i + 37. Give h(0).
37
Let r(l) = -187*l**2 + 11037*l - 247. What is r(59)?
-11
Let p(q) = -q**3 + 35*q**2 + 426*q - 12779. What is p(38)?
-923
Let z(c) = 3*c**3 - 112*c**2 - 145*c - 1645. What is z(39)?
305
Let f(r) = r**3 - 541*r**2 - 583*r + 22172. Give f(542).
-50
Let q(a) = -12875*a - 38596. Give q(-3).
29
Let s(b) = b**2 + 19013*b - 95079. Give s(5).
11
Let v(f) = -9*f**2 - 362*f + 110. Determine v(-42).
-562
Let h(t) = -585*t + 66772. What is h(114)?
82
Let n(x) = -9*x**3 - 5*x**2 + 50*x + 180. What is n(-4)?
476
Let m(c) = 189*c + 7746. Give m(-40).
186
Let a(d) = -51*d**2 + 374*d + 1152. Calculate a(-3).
-429
Let s(k) = -52139*k - 990644. Calculate s(-19).
-3
Let f(h) = -312*h - 16528. Give f(-54).
320
Let f(s) = -5*s**3 - 76*s**2 - 67*s + 6. What is f(-15)?
786
Let u(p) = -6*p**2 + 5231*p + 5234. Give u(-1).
-3
Let v(g) = -514*g + 52459. What is v(102)?
31
Let b(p) = 679*p**3 + 13581*p**2 + 13*p - 99. Calculate b(-20).
41
Let t(h) = -h**3 + h**2 + 8953*h + 2162. What is t(-94)?
0
Let j(x) = -272*x**2 - 6526*x + 54. What is j(-24)?
6
Let b(i) = i**2 - 615*i + 17707. Give b(32).
-949
Let l(a) = 52*a**2 + 4197*a - 1218. Give l(-81).
-3
Let h(i) = -2*i**2 + 483*i + 5005. Give h(-10).
-25
Let t(p) = 94349*p - 660452. Give t(7).
-9
Let p(y) = -41*y**2 + 1374*y - 698. Give p(33).
-5
Let c(a) = 2567*a**3 - 96*a**2 + 117*a - 18. Calculate c(1).
2570
Let d(g) = g**3 - 34*g**2 + 167*g + 37. What is d(27)?
-557
Let j(p) = -10*p**2 + 973*p - 6790. Determine j(7).
-469
Let s(w) = -38*w**2 - 179*w - 11. What is s(6)?
-2453
Let f(z) = 28942*z + 2170665. What is f(-75)?
15
Let v(f) = -52278*f - 627306. Give v(-12).
30
Let m(r) = 255304*r - 2297728. Give m(9).
8
Let s(h) = 64*h - 12834. Calculate s(198).
-162
Let z(j) = 123092*j - 615457. Give z(5).
3
Let q(y) = -858*y + 4137. Calculate q(5).
-153
Let z(b) = 8*b**2 - 631*b + 7236. Calculate z(14).
-30
Let p(w) = 1426*w - 45667. What is p(32)?
-35
Let c(k) = -k**2 - 50*k + 2525. Determine c(35).
-450
Let j(l) = l**3 - 10*l**2 - 328*l + 11725. Give j(-24).
13
Let f(n) = -2*n**2 + 36789*n + 699598. Calculate f(-19).
-115
Let s(g) = -234*g**2 - 847*g - 12. Determine s(-5).
-1627
Let d(u) = u**3 - 5*u**2 + 45705*u - 11. Calculate d(0).
-11
Let k(m) = m**3 - 208*m**2 + 4732*m - 81. Calculate k(26).
-81
Let y(s) = s**3 - 128*s**2 + 215*s - 32329. What is y(128)?
-4809
Let m(c) = -2*c**3 + 284*c**2 - 590*c + 4062. Determine m(140).
-138
Let n(f) = -13*f**2 + 60190*f + 180549. Calculate n(-3).
-138
Let z(o) = -o**3 - 4478*o**2 + 31366*o + 212. Give z(7).
9
Let b(c) = 14414*c - 1556707. What is b(108)?
5
Let o(f) = -7*f**3 + 126*f**2 + 586*f - 10526. Calculate o(18).
22
Let f(q) = q**3 + 86*q**2 + 39*q + 1188. Give f(-86).
-2166
Let m(f) = -3*f**2 - 81219*f + 162443. Calculate m(2).
-7
Let z(y) = -106*y + 1081. Calculate z(9).
127
Let p(r) = 2*r**3 + 1672*r**2 - 1723*r - 41017. What is p(-837)?
-4
Let l(r) = r**2 - 137*r + 2507. Determine l(21).
71
Let s(v) = -4373*v + 43715. Calculate s(10).
-15
Let f(v) = v**2 + 13767*v - 3475724. Calculate f(248).
-4
Let q(u) = -424149*u + 848295. Determine q(2).
-3
Let x(i) = 3*i**3 - 292*i**2 - 802*i + 150. Calculate x(100).
-50
Let k(c) = c**3 - 11*c**2 - 157*c - 405. Determine k(-3).
-60
Let s(o) = -2*o**2 + 144*o + 985. Determine s(-8).
-295
Let g(t) = 4*t**3 + 1509*t**2 - 11933*t + 775. Calculate g(-385).
5
Let z(w) = 97*w**2 + 61*w - 354. Calculate z(5).
2376
Let o(r) = -r**2 - 12727*r + 3721713. What is o(286)?
-5
Let r(q) = -26*q**2 + 2632*q + 2304. Give r(102).
264
Let w(l) = -222*l**2 - 2204*l - 90. Give w(-10).
-250
Let o(h) = 776*h + 47246. Determine o(-61).
-90
Let y(w) = -8*w**3 - 145*w**2 - 406*w - 129. Calculate y(-3).
0
Let p(y) = 2*y**3 + 169*y**2 - 208*y + 4239. Give p(-86).
-61
Let c(t) = -5*t**3 + 17*t**2 + 34*t - 120. What is c(3)?
0
Let g(u) = -14*u**3 - 4*u**2 + 11*u + 20. Calculate g(4).
-896
Let o(x) = -5*x**2 - 507*x - 9286. Calculate o(-24).
2
Let t(f) = 2*f**2 + 14*f - 11447. What is t(73)?
233
Let o(v) = -2*v**3 - 1198*v**2 - 1800*v - 361197. Calculate o(-598).
-5
Let k(n) = 15*n**2 + 316*n + 554. Determine k(-20).
234
Let d(n) = 204746*n - 2866439. What is d(14)?
5
Let p(v) = -47799*v - 5066717. What is p(-106)?
-23
Let u(s) = -462*s + 17462. What is u(38)?
-94
Let w(p) = p**3 - 13*p**2 - 3821*p - 2969. Calculate w(69).
-2
Let d(q) = -16*q + 262. Give d(21).
-74
Let q(h) = -1111*h - 23657. What is q(-20)?
-1437
Let f(d) = 137780*d - 2617849. What is f(19)?
-29
Let g(x) = -x**2 + 276135*x - 14080282. Give g(51).
2
Let n(w) = 3*w**3 + 25*w**2 + 247*w + 3487. Calculate n(-10).
517
Let g(v) = v**3 + 149*v**2 - 854*v - 83363. Give g(-151).
-11
Let a(z) = 146491*z - 146480. Determine a(1).
11
Let z(v) = v**2 + 19118*v + 133776. Calculate z(-7).
-1
Let x(j) = 